{"id":291,"date":"2024-01-18T15:34:12","date_gmt":"2024-01-18T08:34:12","guid":{"rendered":"http:\/\/www.tinhocachau.com.vn\/?post_type=product&#038;p=291"},"modified":"2024-09-22T13:29:12","modified_gmt":"2024-09-22T06:29:12","slug":"may-in-brother-hl-l2321d","status":"publish","type":"product","link":"http:\/\/www.tinhocachau.com.vn\/?product=may-in-brother-hl-l2321d","title":{"rendered":"M\u00e1y in Brother HL-L2321D"},"content":{"rendered":"<p><strong>Lo\u1ea1i m\u00e1y in:<\/strong> \u0110\u01a1n n\u0103ng, Laser tr\u1eafng \u0111en.<\/p>\n<p><strong>\u0110\u1ea3o m\u1eb7t:<\/strong> T\u1ef1 \u0111\u1ed9ng<\/p>\n<p><strong>T\u1ed1c \u0111\u1ed9 in:<\/strong> 30 \/ 32 ppm (A4\/Letter)<\/p>\n<p><strong>\u0110\u1ed9 ph\u00e2n gi\u1ea3i in:<\/strong> 600 x 600 dpi, HQ1200 (Up to 2400 x 600 dpi) quality.<\/p>\n<p><strong>B\u1ed9 nh\u1edb:<\/strong> 8 MB<\/p>\n<p><strong>Lo\u1ea1i gi\u1ea5y:<\/strong> Plain Paper, Thin Paper, Recycled Paper<\/p>\n<p><strong>Kh\u1ed5 gi\u1ea5y:<\/strong> A4, Letter, A5, A5(Long Edge), A6, Executive, Legal, Folio.<\/p>\n<p><strong>Khay ch\u1ee9a gi\u1ea5y:<\/strong> \u00a0250 s\u1edd of 80 gsm plain paper.<\/p>\n<p><strong>Khay tay:<\/strong> 1 t\u1edd<\/p>\n<p><strong>C\u1ed5ng k\u1ebft n\u1ed1i:<\/strong> USB 2.0<\/p>\n<p style=\"text-align: center\"><strong>Qu\u00fd kh\u00e1ch c\u00f3 th\u1ec3 t\u1ea3i ph\u1ea7n m\u1ec1m v\u00e0 tr\u00ecnh \u0111i\u1ec1u khi\u1ec3n <a href=\"https:\/\/support.brother.com\/g\/b\/\/downloadtop.aspx?branch=apweb&amp;c=vn&amp;lang=en&amp;prod=hll2321d_as\">t\u1ea1i \u0111\u00e2y.<\/a><\/strong><\/p>\n<p>&nbsp;<\/p>\n","protected":false},"excerpt":{"rendered":"<p>Lo\u1ea1i m\u00e1y in: \u0110\u01a1n n\u0103ng, Laser tr\u1eafng \u0111en. \u0110\u1ea3o m\u1eb7t: T\u1ef1 \u0111\u1ed9ng T\u1ed1c \u0111\u1ed9 in: 30 \/ 32 ppm (A4\/Letter) \u0110\u1ed9 ph\u00e2n gi\u1ea3i in: 600 x 600 dpi, HQ1200 (Up to 2400 x 600 dpi) quality. B\u1ed9 nh\u1edb: 8 MB Lo\u1ea1i gi\u1ea5y: Plain Paper, Thin Paper, Recycled Paper Kh\u1ed5 gi\u1ea5y: A4, Letter, A5, A5(Long Edge), [&hellip;]<\/p>\n","protected":false},"featured_media":150,"template":"","meta":[],"product_cat":[30,29],"product_tag":[],"class_list":{"0":"post-291","1":"product","2":"type-product","3":"status-publish","4":"has-post-thumbnail","6":"product_cat-may-in-don-sac","7":"product_cat-may-in-may-scan","9":"first","10":"outofstock","11":"shipping-taxable","12":"product-type-simple"},"_links":{"self":[{"href":"http:\/\/www.tinhocachau.com.vn\/index.php?rest_route=\/wp\/v2\/product\/291","targetHints":{"allow":["GET"]}}],"collection":[{"href":"http:\/\/www.tinhocachau.com.vn\/index.php?rest_route=\/wp\/v2\/product"}],"about":[{"href":"http:\/\/www.tinhocachau.com.vn\/index.php?rest_route=\/wp\/v2\/types\/product"}],"wp:featuredmedia":[{"embeddable":true,"href":"http:\/\/www.tinhocachau.com.vn\/index.php?rest_route=\/wp\/v2\/media\/150"}],"wp:attachment":[{"href":"http:\/\/www.tinhocachau.com.vn\/index.php?rest_route=%2Fwp%2Fv2%2Fmedia&parent=291"}],"wp:term":[{"taxonomy":"product_cat","embeddable":true,"href":"http:\/\/www.tinhocachau.com.vn\/index.php?rest_route=%2Fwp%2Fv2%2Fproduct_cat&post=291"},{"taxonomy":"product_tag","embeddable":true,"href":"http:\/\/www.tinhocachau.com.vn\/index.php?rest_route=%2Fwp%2Fv2%2Fproduct_tag&post=291"}],"curies":[{"name":"wp","href":"https:\/\/api.w.org\/{rel}","templated":true}]}}