{"id":289,"date":"2024-01-18T15:18:27","date_gmt":"2024-01-18T08:18:27","guid":{"rendered":"http:\/\/www.tinhocachau.com.vn\/?post_type=product&#038;p=289"},"modified":"2026-03-16T13:39:25","modified_gmt":"2026-03-16T06:39:25","slug":"may-in-mau-epson-l121","status":"publish","type":"product","link":"https:\/\/www.tinhocachau.com.vn\/?product=may-in-mau-epson-l121","title":{"rendered":"M\u00e1y in m\u00e0u Epson L121"},"content":{"rendered":"<p><strong>Lo\u1ea1i m\u00e1y:<\/strong> M\u00e1y in \u0111\u01a1n n\u0103ng (ph\u00f9 h\u1ee3p in v\u0103n b\u1ea3n, kh\u00f4ng ph\u00f9 h\u1ee3p in h\u00ecnh th\u1ebb &#8211; h\u00ecnh ho\u1ea1t c\u1ea3nh).<\/p>\n<p><strong>\u0110\u1ea3o m\u1eb7t:<\/strong> Kh\u00f4ng<\/p>\n<p><strong>T\u1ed1c \u0111\u1ed9 in<\/strong>: 9.0 ipm (tr\u1eafng \u0111en) \/ 4.8 ipm (m\u00e0u)<\/p>\n<p><strong>\u0110\u1ed9 ph\u00e2n gi\u1ea3i in<\/strong>: 720 x 720 dpi<\/p>\n<p><strong>Khay n\u1ea1p gi\u1ea5y:<\/strong> 50 t\u1edd (A4)<\/p>\n<p><strong>Khay gi\u1ea5y ra:<\/strong> 50 t\u1edd (A4)<\/p>\n<p><strong>Kh\u1ed5 gi\u1ea5y:<\/strong> A4, Letter, Legal (8.5 x 14&#8243;)<\/p>\n<p><strong>C\u1ed5ng k\u1ebft n\u1ed1i:<\/strong> USB 2.0<\/p>\n<p><strong>Driver h\u1ed7 tr\u1ee3 h\u1ec7 \u0111i\u1ec1u h\u00e0nh: <\/strong><\/p>\n<ul>\n<li>Windows XP \/ XP Professional \/ Vista \/ 7 \/ 8 \/ 8.1 \/ 10<\/li>\n<li>Windows Server 2003 \/ 2008 \/ 2008 (R2) \/ 2012.<\/li>\n<li>Mac OS X 10.5.8 or later<\/li>\n<\/ul>\n<p style=\"text-align: center;\"><strong>Qu\u00fd kh\u00e1ch c\u00f3 th\u1ec3 t\u1ea3i Driver v\u00e0 ph\u1ea7n m\u1ec1m k\u00e8m theo <a href=\"https:\/\/www.epson.com.vn\/Ink-Tank-Printers\/L-Series\/Epson-L121\/s\/SPT_C11CD76501#drivers\" target=\"_blank\" rel=\"noopener\">t\u1ea1i \u0111\u00e2y<\/a>.<\/strong><\/p>\n","protected":false},"excerpt":{"rendered":"<p><strong>Lo\u1ea1i m\u00e1y:<\/strong> M\u00e1y in \u0111\u01a1n n\u0103ng (ph\u00f9 h\u1ee3p in v\u0103n b\u1ea3n) \/<strong>\u0110\u1ea3o m\u1eb7t:<\/strong> Kh\u00f4ng \/\u00a0<strong>T\u1ed1c \u0111\u1ed9 in<\/strong>: 9.0 ipm (tr\u1eafng \u0111en) \/ 4.8 ipm (m\u00e0u) \/\u00a0<strong>\u0110\u1ed9 ph\u00e2n gi\u1ea3i in<\/strong>: 720 x 720 dpi \/\u00a0<strong>Khay n\u1ea1p gi\u1ea5y:<\/strong> 50 t\u1edd (A4)<\/p>\n","protected":false},"featured_media":290,"template":"","meta":[],"product_cat":[31,29],"product_tag":[],"class_list":{"0":"post-289","1":"product","2":"type-product","3":"status-publish","4":"has-post-thumbnail","6":"product_cat-may-in-mau","7":"product_cat-may-in-may-scan","9":"first","10":"instock","11":"shipping-taxable","12":"product-type-simple"},"_links":{"self":[{"href":"https:\/\/www.tinhocachau.com.vn\/index.php?rest_route=\/wp\/v2\/product\/289","targetHints":{"allow":["GET"]}}],"collection":[{"href":"https:\/\/www.tinhocachau.com.vn\/index.php?rest_route=\/wp\/v2\/product"}],"about":[{"href":"https:\/\/www.tinhocachau.com.vn\/index.php?rest_route=\/wp\/v2\/types\/product"}],"wp:featuredmedia":[{"embeddable":true,"href":"https:\/\/www.tinhocachau.com.vn\/index.php?rest_route=\/wp\/v2\/media\/290"}],"wp:attachment":[{"href":"https:\/\/www.tinhocachau.com.vn\/index.php?rest_route=%2Fwp%2Fv2%2Fmedia&parent=289"}],"wp:term":[{"taxonomy":"product_cat","embeddable":true,"href":"https:\/\/www.tinhocachau.com.vn\/index.php?rest_route=%2Fwp%2Fv2%2Fproduct_cat&post=289"},{"taxonomy":"product_tag","embeddable":true,"href":"https:\/\/www.tinhocachau.com.vn\/index.php?rest_route=%2Fwp%2Fv2%2Fproduct_tag&post=289"}],"curies":[{"name":"wp","href":"https:\/\/api.w.org\/{rel}","templated":true}]}}