{"id":374,"date":"2025-01-09T14:41:12","date_gmt":"2025-01-09T07:41:12","guid":{"rendered":"https:\/\/www.tinhocachau.com.vn\/?post_type=product&#038;p=374"},"modified":"2025-01-09T14:41:15","modified_gmt":"2025-01-09T07:41:15","slug":"hp-elitebook-650-g10","status":"publish","type":"product","link":"https:\/\/www.tinhocachau.com.vn\/?product=hp-elitebook-650-g10","title":{"rendered":"HP EliteBook 650 G10"},"content":{"rendered":"<p>M\u00e1y t\u00ednh x\u00e1ch tay HP EliteBook 650 G10<\/p>\n<table style=\"height: 561px\" width=\"893\">\n<tbody>\n<tr>\n<td width=\"123\">H\u1ec7 \u0111i\u1ec1u h\u00e0nh:<\/td>\n<td width=\"501\">Microsoft Windows 11 Home SL<\/td>\n<\/tr>\n<tr>\n<td width=\"123\">B\u1ed9 vi x\u1eed l\u00fd:<\/td>\n<td width=\"501\">Intel\u00ae Core\u2122 i7-1355U<\/td>\n<\/tr>\n<tr>\n<td width=\"123\">B\u1ed9 nh\u1edb:<\/td>\n<td width=\"501\">1 x16GB DDR4 , Bus 3200Mhz<\/td>\n<\/tr>\n<tr>\n<td width=\"123\">\u1ed4 c\u1ee9ng:<\/td>\n<td width=\"501\">512GB M2 PCIe NVMe<\/td>\n<\/tr>\n<tr>\n<td width=\"123\">M\u00e0n h\u00ecnh:<\/td>\n<td width=\"501\">15.6 inch Full HD (1920&#215;1080)<\/td>\n<\/tr>\n<tr>\n<td width=\"123\">C\u1ed5ng k\u1ebft n\u1ed1i:<\/td>\n<td width=\"501\">Thunderbolt\u2122 4, USB Type-C, HDMI 2.1, NFC<\/td>\n<\/tr>\n<tr>\n<td width=\"123\">Pin:<\/td>\n<td width=\"501\">51 WHr, 3 cell<\/td>\n<\/tr>\n<tr>\n<td width=\"123\">B\u1ea3o h\u00e0nh:<\/td>\n<td width=\"501\">12 th\u00e1ng<\/td>\n<\/tr>\n<tr>\n<td width=\"123\">Tr\u1ecdng l\u01b0\u1ee3ng:<\/td>\n<td width=\"501\">1.78 kg<\/td>\n<\/tr>\n<\/tbody>\n<\/table>\n","protected":false},"excerpt":{"rendered":"<table>\n<tbody>\n<tr>\n<td width=\"123\">H\u1ec7 \u0111i\u1ec1u h\u00e0nh:<\/td>\n<td width=\"501\">Windows 11 Home SL<\/td>\n<\/tr>\n<tr>\n<td width=\"123\">B\u1ed9 vi x\u1eed l\u00fd:<\/td>\n<td width=\"501\">Intel\u00ae Core\u2122 i7-1355U<\/td>\n<\/tr>\n<tr>\n<td width=\"123\">B\u1ed9 nh\u1edb:<\/td>\n<td width=\"501\">1 x16GB DDR4 , Bus 3200Mhz<\/td>\n<\/tr>\n<tr>\n<td width=\"123\">\u1ed4 c\u1ee9ng:<\/td>\n<td width=\"501\">512GB M2 PCIe NVMe<\/td>\n<\/tr>\n<tr>\n<td width=\"123\">M\u00e0n h\u00ecnh:<\/td>\n<td width=\"501\">15.6 inch Full HD (1920&#215;1080)<\/td>\n<\/tr>\n<\/tbody>\n<\/table>\n","protected":false},"featured_media":375,"template":"","meta":[],"product_cat":[23,25,39],"product_tag":[],"class_list":{"0":"post-374","1":"product","2":"type-product","3":"status-publish","4":"has-post-thumbnail","6":"product_cat-may-tinh","7":"product_cat-may-tinh-xach-tay","8":"product_cat-may-tinh-xach-tay-hp","10":"first","11":"instock","12":"shipping-taxable","13":"purchasable","14":"product-type-simple"},"_links":{"self":[{"href":"https:\/\/www.tinhocachau.com.vn\/index.php?rest_route=\/wp\/v2\/product\/374","targetHints":{"allow":["GET"]}}],"collection":[{"href":"https:\/\/www.tinhocachau.com.vn\/index.php?rest_route=\/wp\/v2\/product"}],"about":[{"href":"https:\/\/www.tinhocachau.com.vn\/index.php?rest_route=\/wp\/v2\/types\/product"}],"wp:featuredmedia":[{"embeddable":true,"href":"https:\/\/www.tinhocachau.com.vn\/index.php?rest_route=\/wp\/v2\/media\/375"}],"wp:attachment":[{"href":"https:\/\/www.tinhocachau.com.vn\/index.php?rest_route=%2Fwp%2Fv2%2Fmedia&parent=374"}],"wp:term":[{"taxonomy":"product_cat","embeddable":true,"href":"https:\/\/www.tinhocachau.com.vn\/index.php?rest_route=%2Fwp%2Fv2%2Fproduct_cat&post=374"},{"taxonomy":"product_tag","embeddable":true,"href":"https:\/\/www.tinhocachau.com.vn\/index.php?rest_route=%2Fwp%2Fv2%2Fproduct_tag&post=374"}],"curies":[{"name":"wp","href":"https:\/\/api.w.org\/{rel}","templated":true}]}}